- 2. Let s be c(-1). Let k(z) = z**2 - 5*z - 93. Let m be k(-10). What is the greatest common factor of s and m?
19
Let y = -1963 - -2037. Calculate the highest common factor of y and 4736.
74
Let x = -56419 - -56430. Let a(t) = t**3 + 7*t**2 - 9*t - 7. Let o be a(-8). What is the greatest common divisor of x and o?
1
Let r = -66 + 67. Let j = -24 - -26. Suppose p - 3 = -j. Calculate the greatest common divisor of r and p.
1
Let g(j) = 4*j**2 + 2. Let t be g(4). Let o be ((24/18)/4)/(2/96). Let f be -12*((-108)/o - -4). Calculate the greatest common factor of f and t.
33
Let y = 301 + -131. Let c be (-444)/(-20) - (-17)/(y/(-12)). Suppose 0 = 3*l - 6, 0*x + 5*l - 220 = -5*x. Calculate the highest common divisor of x and c.
21
Suppose 4*y = -2*x + 34, 52*y - 48*y + 41 = 3*x. What is the highest common factor of 9195 and x?
15
Suppose 466*t = 101464 + 230328. Calculate the greatest common factor of t and 8722.
178
Suppose -4*p + 31*q - 36*q = -4278, 3*p - 5*q = 3191. Calculate the highest common factor of 11 and p.
11
Let w(k) = 3*k**2 + 154*k + 349. Let l be w(-55). What is the highest common factor of 1484 and l?
106
Let r(m) = m**2 + m - 13. Let h(k) = -k - 16. Let w be h(-10). Let t be r(w). Let g be 1 + (t + -7)*2/4. What is the highest common factor of 48 and g?
6
Let u = -118 - -188. Let s be ((-4)/(-3) + 209/57)*-1. Let j(l) = 2*l**2 + 6*l - 10. Let x be j(s). Calculate the greatest common divisor of x and u.
10
Suppose -5*b + 0*b - 3*z = 33, 5*b = 2*z - 28. Let w be (-2)/b*(32 - -7). Let p be (1 - 1) + (22 - w). Calculate the greatest common factor of 18 and p.
9
Let i be 37/2 - (-1)/(-2)*-3. Let y(x) = 12*x - 18. Let s be y(-6). Let l be s/(1 + (-10)/4). Calculate the greatest common factor of i and l.
20
Let s(f) = 12*f - 57. Suppose -9*b = b - 130. Let n be s(b). Calculate the highest common factor of n and 9.
9
Let z be 4 - 1/((-10)/17480). Calculate the greatest common divisor of 16 and z.
8
Suppose 2*v - 68 = 210. Let r = -430 + 430. Suppose -j = -3*j + 5*z + 250, r = j + z - v. Calculate the highest common divisor of j and 27.
27
Let r be 0 - -172 - (-4 - -5). Suppose -1883*q = -1697*q - 10602. What is the highest common factor of q and r?
57
Let y be 63714/483 + 2/23*1. Suppose 0 = -0*t + 3*t - 99. Let a be 3/6 - t/(-6). What is the highest common divisor of y and a?
6
Let p be 248/18 + 12/54. Suppose -3*b + 4*j + 16 = 0, 4*b = 4*j + 2 + p. Let z be 8 + 12/(-4) + b. Calculate the highest common divisor of z and 5.
5
Let b(i) = -i**3 + 7*i**2 + 12*i - 11. Let x be b(8). Let k = x - 5. Let h = 40 - k. What is the greatest common factor of 6 and h?
6
Suppose -4*q - 27 = -87. Suppose q - 3 = 4*f. Suppose 108 = 3*t + f*p, -t = 2*t - 3*p - 96. Calculate the greatest common divisor of t and 272.
34
Let v(a) = -a**3 - a**2 - 7*a - 5. Let u be v(-2). Suppose -2*s = -2*q + 3*s - u, -23 = -3*q - s. What is the highest common factor of 5 and q?
1
Let w = -17 + 19. Suppose 5*g - w*h - 94 = 0, 0*g - 2*g - 5*h = -26. Suppose 18*b + 21 = 57. Calculate the greatest common factor of g and b.
2
Suppose -1 - 210 = -4*c - q, 5*q = 15. Suppose 72 - 78 = -3*p. Let o be -4 - ((-660)/40 + (-1)/p). What is the highest common divisor of c and o?
13
Let m(i) = 3*i**2 - 12*i - 19. Let p be m(-3). What is the highest common factor of 6028 and p?
44
Let q(c) be the second derivative of 7*c**3/2 - 7*c**2 + 2*c - 24. Let i be q(1). Calculate the highest common factor of i and 112.
7
Let z(r) = 39*r**3 - 2*r**2 + 14*r - 22. Let k be z(2). Let j = -5 + 15. Calculate the greatest common factor of j and k.
10
Let x = -91 + 83. Let f(b) = b**3 + 8*b**2 + b + 14. Let y be f(x). What is the highest common factor of 156 and y?
6
Let r be 64/(-240) - (-17656)/60. Calculate the greatest common divisor of 826 and r.
14
Let d be ((-3)/(-2))/((-96)/14272). Let h = 351 + d. Calculate the greatest common factor of 16 and h.
16
Suppose 452*b = 456*b - 320. Let s = -57 + 87. What is the highest common factor of b and s?
10
Suppose -2*j = 37 - 143. Let u = -147 - -155. Let f be 3826/u + (-40)/32. What is the greatest common factor of j and f?
53
Let c(s) = -418*s - 3330. Let u be c(-8). Calculate the greatest common divisor of 2198 and u.
14
Suppose -4 = -r, -2*y = -y - r - 130. Suppose -y*s + 140*s - 24 = 0. Calculate the highest common factor of 1 and s.
1
Suppose -9 = -m + 4*x, -x - 7 = -4*m + 29. Let w be (-228)/(-5) - m/15. Suppose 6 = 4*q + 4*j - 82, -q = -5*j + 2. What is the highest common factor of q and w?
9
Let w be 24/(-4) - (41 - 52). Calculate the highest common factor of w and 11885.
5
Let b be (-996)/1660 - (-2 + ((-96668)/(-5))/(-1)). Calculate the highest common factor of 15 and b.
15
Suppose 18*p + 6325 = 23*p - 0*p. What is the greatest common factor of 55 and p?
55
Suppose -3*l - 156 = -159. Let p be 54/90*(l + 9). Let c(b) = 2*b + 2. Let z be c(2). What is the greatest common factor of z and p?
6
Let f(g) = 2*g**2 + 3*g - 554. Let r be f(16). Calculate the greatest common divisor of r and 290.
2
Suppose -22 = -2*b - 3*c, 18*b + c = 14*b + 44. Let j(r) = -2*r**3 + 25*r**2 - 17*r - 14. Let h be j(b). What is the highest common factor of h and 405?
81
Let k = 1921 - 1869. What is the highest common divisor of 4628 and k?
52
Suppose 4*p - 14 = 2*p - q, 31 = 3*p + 4*q. Suppose 2*b = 4*r - 8, 0 = -p*r - 4*b + 6 + 4. What is the highest common factor of r and 10?
2
Suppose -5*w = -y - 32, -4*y - 32 = -0*w - 4*w. Let h be 82*2/6*(-9)/w. Let j = h - -42. Calculate the greatest common divisor of j and 6.
1
Let j = -368 + 87. Let s = j - -309. What is the greatest common factor of s and 238?
14
Let d(y) = -3*y**2 + 11*y - 5. Let w be d(2). Suppose -i = -7 + w. Suppose 2*b - 35 + 15 = 0. Calculate the greatest common divisor of b and i.
2
Suppose 718 = 12*b - 10*b + 5*z, -1388 = -4*b - 2*z. Calculate the highest common divisor of 16 and b.
8
Let y = 3014 - -804. Calculate the greatest common divisor of y and 166.
166
Let u = 245 + -241. Suppose u*c - 2*l - 14 = -5*l, -2*l - 9 = -c. Suppose 25 = -0*q + 5*q. What is the greatest common divisor of c and q?
5
Let z be ((-11)/(-1) - 4) + (-2612)/(-4). Calculate the highest common factor of z and 1716.
132
Suppose 19*k - 8237 = -7990. Let x = 111 + 188. Calculate the highest common factor of k and x.
13
Let d(o) = -28*o - 16. Suppose 0 = 2*g + 3*u - 0 - 10, 0 = 3*g - 4*u + 19. Let j be d(g). Let f = -125 - -221. What is the greatest common divisor of j and f?
12
Suppose -5*m = 4*h + 51, -5*h + 0*m = -4*m + 74. Let n be 3/(2 - (-22)/h). Let c = 201 + -199. Calculate the highest common factor of c and n.
1
Suppose 0 = u - 4*u + 9. Let n = -515 - -370. Let x = n + 147. What is the highest common divisor of x and u?
1
Let o be 1 - -2*(-134)/(-4). Suppose 5*x - 200 = 5*s, 9 = -s + 2*x - 33. Let v = s + o. Calculate the highest common factor of v and 20.
10
Suppose 0 = -49*b + 51*b - 3*x - 12177, 0 = -3*x + 3. What is the highest common factor of 15 and b?
15
Let r(m) = 461*m + 21. Let i be r(3). Suppose i = 30*p - 26*p. What is the highest common factor of 39 and p?
39
Let x be (-11)/(-3)*(24 - 15). Suppose 5*d - 29 = -3*c, d = -0*d + 2*c + 11. Let k be 11 + -4 + 2 - (-9 + d). What is the greatest common factor of k and x?
11
Let l = 8699 + -8687. What is the greatest common factor of l and 534?
6
Let g be (2 - 7 - -3) + 1 + 8. Suppose -6*c + g*c = -3*w + 1554, -2*c - 1028 = -2*w. What is the highest common factor of 11 and w?
11
Suppose 117*q + 7*q = 20*q + 1176760. Calculate the greatest common factor of q and 155.
155
Let b = 5884 - 3752. What is the highest common factor of 123 and b?
41
Let r = 19561 + -10910. Calculate the greatest common divisor of r and 205.
41
Let y(z) = z**3 - 16*z**2 + 28*z - 670. Let p be y(22). What is the highest common factor of 1368 and p?
114
Suppose 4*m = -3*v + 1384, -3*m + 1 = -2*m. Suppose 4*u = v - 172. Suppose 1681 - 296 = 210*x - 505. What is the highest common divisor of u and x?
9
Suppose 5*r - 86 - 19 = 5*n, 65 = 3*r - 5*n. Suppose -r + 495 = y. What is the greatest common factor of 285 and y?
95
Suppose -92*t - 24 = -91*t. Let z = t - -25. Let o be (4/2)/z + (-476)/(-14). What is the greatest common divisor of o and 90?
18
Suppose -18*c - 168*c + 1416 = 286*c. Calculate the greate